eatest common factor of 80 and 500.
20
Calculate the highest common divisor of 4 and 32.
4
What is the highest common divisor of 55 and 561?
11
What is the highest common divisor of 28 and 508?
4
Calculate the highest common factor of 513 and 19.
19
Calculate the greatest common factor of 24 and 138.
6
Calculate the greatest common factor of 2330 and 10.
10
What is the greatest common factor of 120 and 3880?
40
Calculate the highest common divisor of 4708 and 132.
44
Calculate the greatest common divisor of 728 and 112.
56
What is the greatest common divisor of 100 and 4?
4
Calculate the highest common divisor of 1521 and 198.
9
What is the highest common divisor of 697 and 68?
17
What is the highest common divisor of 99 and 117?
9
What is the highest common factor of 240 and 1140?
60
What is the greatest common factor of 225 and 1395?
45
Calculate the greatest common divisor of 22 and 18.
2
Calculate the greatest common divisor of 4698 and 174.
174
Calculate the highest common factor of 57 and 912.
57
What is the greatest common factor of 1172 and 4?
4
Calculate the highest common factor of 104 and 533.
13
Calculate the greatest common factor of 10 and 155.
5
What is the greatest common factor of 27 and 549?
9
What is the highest common divisor of 1501 and 158?
79
What is the greatest common divisor of 160 and 1840?
80
Calculate the highest common divisor of 32 and 400.
16
Calculate the greatest common divisor of 954 and 3021.
159
What is the greatest common divisor of 6873 and 435?
87
What is the greatest common divisor of 147 and 63?
21
Calculate the greatest common divisor of 990 and 88.
22
What is the highest common factor of 1020 and 90?
30
What is the highest common divisor of 5831 and 34?
17
What is the greatest common factor of 1037 and 51?
17
What is the greatest common divisor of 224 and 504?
56
What is the greatest common divisor of 9 and 3?
3
Calculate the highest common divisor of 174 and 26332.
58
What is the highest common divisor of 7161 and 93?
93
Calculate the greatest common divisor of 38 and 4750.
38
Calculate the highest common divisor of 170 and 20.
10
Calculate the greatest common factor of 49343 and 49.
49
Calculate the highest common divisor of 1659 and 546.
21
What is the highest common factor of 512 and 4?
4
Calculate the greatest common divisor of 2223 and 18.
9
What is the greatest common factor of 621 and 243?
27
Calculate the highest common divisor of 136 and 238.
34
What is the greatest common divisor of 1419 and 4773?
129
Calculate the greatest common factor of 3294 and 162.
54
Calculate the highest common divisor of 189 and 35.
7
What is the greatest common factor of 105 and 435?
15
What is the greatest common divisor of 12 and 732?
12
Calculate the highest common divisor of 10410 and 120.
30
What is the greatest common factor of 176 and 66?
22
Calculate the greatest common factor of 108 and 8316.
108
What is the highest common factor of 8 and 269?
1
Calculate the highest common factor of 18 and 1926.
18
What is the greatest common divisor of 5452 and 2068?
188
What is the highest common factor of 11 and 979?
11
What is the highest common divisor of 3318 and 420?
42
Calculate the greatest common divisor of 519 and 4498.
173
Calculate the highest common divisor of 2907 and 2223.
171
Calculate the greatest common factor of 207 and 46.
23
What is the greatest common divisor of 15 and 5?
5
What is the highest common factor of 12932 and 244?
244
Calculate the greatest common divisor of 1505 and 140.
35
Calculate the highest common factor of 5088 and 32.
32
Calculate the highest common factor of 651 and 4991.
217
Calculate the greatest common divisor of 324 and 48.
12
What is the highest common factor of 5955 and 105?
15
What is the greatest common factor of 308 and 756?
28
Calculate the highest common factor of 164 and 287.
41
What is the highest common divisor of 18 and 11898?
18
What is the highest common factor of 425 and 50?
25
Calculate the highest common factor of 231 and 399.
21
What is the greatest common divisor of 4 and 20?
4
What is the highest common factor of 90 and 170?
10
Calculate the greatest common factor of 16 and 6064.
16
Calculate the highest common factor of 80 and 450.
10
Calculate the highest common divisor of 38 and 19.
19
What is the highest common divisor of 324 and 288?
36
Calculate the greatest common divisor of 2496 and 864.
96
What is the highest common divisor of 57 and 95?
19
What is the greatest common factor of 3627 and 52?
13
What is the highest common divisor of 12 and 7122?
6
What is the highest common divisor of 531 and 3422?
59
What is the greatest common divisor of 484 and 1331?
121
Calculate the highest common factor of 3789 and 135.
9
Calculate the greatest common factor of 320 and 2440.
40
What is the highest common factor of 874 and 38?
38
Calculate the greatest common factor of 13 and 962.
13
What is the greatest common divisor of 13 and 1573?
13
What is the greatest common factor of 1530 and 34?
34
What is the greatest common factor of 1239 and 42?
21
What is the highest common divisor of 2332 and 33?
11
What is the greatest common factor of 84 and 1876?
28
What is the highest common divisor of 300 and 140?
20
Calculate the highest common factor of 220 and 1870.
110
What is the highest common divisor of 36580 and 472?
236
Calculate the highest common factor of 1431 and 135.
27
Calculate the greatest common divisor of 632 and 79.
79
What is the greatest common divisor of 16 and 824?
8
What is the greatest common factor of 13762 and 98?
14
What is the highest common divisor of 391 and 46?
23
What is the greatest common divisor of 861 and 2952?
123
Calculate the highest common divisor of 91 and 6643.
91
What is the highest common divisor of 33 and 7359?
33
What is the highest common divisor of 2497 and 121?
11
Calculate the greatest common factor of 20300 and 116.
116
Calculate the greatest common factor of 3 and 159.
3
What is the highest common divisor of 225 and 252?
9
What is the highest common divisor of 9 and 4725?
9
Calculate the highest common divisor of 495 and 405.
45
What is the greatest common factor of 343 and 7?
7
Calculate the greatest common divisor of 192 and 96.
96
Calculate the greatest common divisor of 100 and 4660.
20
What is the greatest common divisor of 10 and 80?
10
Calculate the greatest common divisor of 745 and 1937.
149
What is the highest common divisor of 272 and 1054?
34
Calculate the greatest common divisor of 280 and 616.
56
Calculate the highest common factor of 8970 and 1104.
138
What is the greatest common divisor of 2717 and 12350?
247
Calculate the highest common divisor of 3683 and 508.
127
Calculate the greatest common divisor of 552 and 69.
69
What is the greatest common divisor of 412 and 103?
103
Calculate the greatest common factor of 11 and 77.
11
Calculate the greatest common factor of 5967 and 26.
13
What is the greatest common factor of 145 and 58?
29
Calculate the greatest common factor of 12 and 156.
12
What is the highest common factor of 55 and 605?
55
What is the greatest common divisor of 1360 and 119?
17
Calculate the greatest common divisor of 64 and 3136.
64
Calculate the highest common factor of 143 and 2.
1
What is the highest common factor of 95 and 342?
19
What is the greatest common divisor of 803 and 146?
73
Calculate the highest common factor of 4489 and 268.
67
What is the highest common factor of 660 and 385?
55
Calculate the highest common factor of 2 and 146.
2
What is the greatest common divisor of 75 and 45?
15
What is the greatest common factor of 1860 and 80?
20
What is the greatest common divisor of 15 and 6?
3
Calculate the greatest common divisor of 147 and 245.
49
What is the greatest common factor of 13199 and 134?
67
Calculate the greatest common factor of 8 and 3044.
4
What is the greatest common factor of 2094 and 6?
6
What is the highest common factor of 790 and 70?
10
Calculate the highest common factor of 34 and 629.
17
What is the highest common factor of 30 and 5670?
30
What is the highest common factor of 42 and 378?
42
What is the highest common factor of 636 and 4929?
159
What is the greatest common divisor of 106 and 3074?
106
Calculate the greatest common factor of 396 and 25